Let h = m - 53. Suppose -37 = t - h. Is t composite?
False
Let w = 568 + 1509. Is w a composite number?
True
Let n(q) = 2*q**2 + 4*q - 5. Let t be n(5). Suppose l - t = 20. Is l composite?
True
Let c = 1543 - 616. Let t = c - 374. Is t composite?
True
Let t be 1*2 - (-107 - -4). Suppose 0 = -5*c + t + 460. Suppose c = 5*z - 72. Is z prime?
True
Suppose r = -3*y + 20, -r + 3*y = 2*r. Suppose 4*s - 2*k + 0*k = 46, 32 = 2*s - 4*k. Let o = r + s. Is o a prime number?
False
Let a(s) = -s**3 + 6*s**2 - s + 1. Let o be a(6). Let x = -14 - o. Let w(f) = f**2 + 7*f + 3. Is w(x) a composite number?
True
Let m be 2/1*(-5)/(-5). Let n(x) = 19*x**2 - 3*x - 3. Let c(d) = d**2 + d + 1. Let z(a) = m*c(a) + n(a). Is z(-1) a composite number?
True
Suppose 0 = 11*t - 10*t - 3205. Is t composite?
True
Suppose -3*p + 8 = p. Suppose 3 = p*r - 5. Suppose 4*g + 11 = -9, -c + 13 = r*g. Is c a prime number?
False
Suppose 2*s - 9003 = -5*b, -4*b - 5408 = -7*b + 5*s. Is b prime?
True
Let v be (-1)/(-3 + 2) + 3. Let i(b) = b - 4. Let o be i(7). Suppose 0 = -3*l - o*q + 165, v*q = -l + 2*l - 45. Is l prime?
True
Suppose 3*a = 9, 4*g + 2*a = -2*a + 80. Suppose -p + 4*n + g = 0, -4*p + n + 82 - 29 = 0. Is p composite?
False
Let s(o) = o**3 + 6*o**2 + 5*o + 6. Let c be s(-5). Suppose -m + c*m = 295. Is m composite?
False
Suppose -4*f + 4*u = 4, -2*f = f - u + 1. Suppose -2*y - 320 = -5*w, -5*y = -f*w + 3*w - 192. Suppose 3*h - w = -1. Is h composite?
True
Suppose -5*w = -2*q - 1 + 11, -w - 5*q + 25 = 0. Suppose w*d = 4*d - 12. Is d prime?
True
Is (1/3)/((-4)/(-40668)) composite?
False
Let w = 283 - 160. Is w a prime number?
False
Let c = 21 - 29. Let h(a) = -4*a**2 - 8*a - 1. Let s(i) = -11*i**2 - 24*i - 4. Let m(j) = 8*h(j) - 3*s(j). Is m(c) a prime number?
False
Let w(p) = -2*p - 4*p**3 + p + 7 - 19 + 5*p**2 + 0*p**3. Let f(y) = 3*y**3 - 4*y**2 + y + 11. Let i(s) = 5*f(s) + 4*w(s). Is i(-5) a composite number?
False
Let w be 2/9 - (-4314)/27. Let y = w - 69. Is y prime?
False
Let m(t) = 91*t. Suppose 3 = 5*y - 2*w, -4*w + 7 = -y + 4*y. Is m(y) a composite number?
True
Suppose -1511 = -2*z + z. Is z a prime number?
True
Let c(y) = -119*y**3 - 2*y**2 + 1. Let m be c(-1). Suppose -127 = -3*j + 125. Let k = m - j. Is k composite?
True
Let w(k) = -273*k + 41. Is w(-9) a prime number?
False
Let a = -1 - -1. Suppose -y + a + 3 = 0. Suppose -v - 3*v = -3*p - 449, y*v + 4*p = 343. Is v a composite number?
False
Let r(i) = i + 12. Let d be r(-10). Suppose -d*j + 6 = j. Is j a prime number?
True
Let t(v) = -v**3 + v**2 + v + 1. Let y be t(0). Let r = 14 - y. Is r a prime number?
True
Suppose -q = -3*i - 0*q + 381, -3*i + 381 = q. Is i a prime number?
True
Suppose -4*q - u + 128 = -3*u, 3*q = 3*u + 102. Suppose 5*v - 141 = 4*c, 5*v + 4*c = q + 79. Is v composite?
True
Let g be 2/(1 - (-2 + 2)). Let f(c) = -c**2 + 1. Let n be f(2). Is (67/g)/(n/(-6)) composite?
False
Let s = -7 + 8. Let q(i) = 64*i**2 + i. Is q(s) composite?
True
Let q(j) = 18*j**2 - 2*j + 19. Is q(7) a composite number?
False
Let n = -9 + 3. Let f(z) = z**3 + 6*z**2 + 2. Let h be f(n). Is (7/2)/(h/4) a composite number?
False
Suppose p + 37 = 4*p + l, -p = 3*l + 1. Suppose 13*a = p*a - 13. Is a composite?
False
Suppose -3*r = -0 - 12. Is -10 + 12 + 1*r prime?
False
Suppose 0 = -0*q + 3*q - 9. Is q/(-9) - (-280)/3 a composite number?
True
Is 253*12 + -1 + (-2)/(-1) a composite number?
False
Suppose -14525 = -13*v + 8316. Is v composite?
True
Is 14/(-49) + (-48029)/(-7) composite?
True
Is 4/(-14) + 78030/126 a composite number?
False
Let b(o) = 2*o - 9. Let j be b(7). Let p(f) = 7*f**3 - j*f**3 + 1 + 2*f - 2*f**2 + 1. Is p(2) composite?
True
Let i(u) = 16*u**2 + 5*u + 2. Is i(-7) a composite number?
False
Let i = 2 - 2. Let l = 0 - i. Suppose o + 6 - 27 = 4*d, -3*d = l. Is o prime?
False
Let q = -11 + 13. Is (-3)/((-6)/4244*q) a composite number?
False
Let x(a) = a**3 + 12*a**2 + 8*a + 1. Is x(-10) a composite number?
True
Let a(p) = 0 - 3 - 4*p**2 - 3*p + 5*p**2. Let x be 172/20 - 6/10. Is a(x) composite?
False
Suppose -a + s + 2720 = 0, -5*a + 1531 = s - 12075. Is a a prime number?
False
Let k(w) = -w + 7. Let t be k(9). Is 8 - (t - -1*3) composite?
False
Let r = 154 + -44. Suppose -o + 4*x - x = -67, 2*o = -2*x + 150. Let b = r - o. Is b composite?
False
Let s(v) = v**2 - 6*v - 12. Is s(13) composite?
False
Let m = 1284 - 469. Is m composite?
True
Suppose 2*x - 6*x = -8. Let c = x - -9. Let n = c + 12. Is n a prime number?
True
Suppose 0 = -5*g + q + 2758, 849 = 2*g - 2*q - 259. Is g composite?
True
Let n(y) be the third derivative of -y**5/60 - y**4/24 + y**3 + 5*y**2. Suppose 2*r = 3*r. Is n(r) composite?
True
Let a be 3108/4 + 2/2. Let f = a + -527. Is f a composite number?
False
Let s = 25 - -13. Suppose 11*d = 15*d - 340. Let i = d - s. Is i prime?
True
Suppose -2*h - 12 = -6*h. Suppose -2*m + 1212 = 4*n - 4*m, -4*n + 1214 = -h*m. Is n a composite number?
True
Let l(s) = -26*s - 5. Let u be l(-4). Suppose -5*r - 91 - u = 0. Let d = -17 - r. Is d a composite number?
True
Suppose 2*p + 142 = 16. Let o = 98 + p. Is o prime?
False
Let z(a) = -a**2 + 35*a**3 + 5*a**3 - a**2. Let y be z(2). Suppose -y = 4*k - 820. Is k prime?
True
Let v(h) = h - 1. Let j(r) = 55*r - 66. Let l(d) = 5*j(d) - 330*v(d). Let f be (-1)/(-2)*2/(-1). Is l(f) a composite number?
True
Let w = 10 - 5. Suppose w*p - 225 = 2540. Is p prime?
False
Suppose 0 = 5*w + 2*z - 23 - 12, 0 = -2*w - 2*z + 20. Suppose t - p - 367 = 0, -4*p - 1843 = -w*t - p. Is t prime?
False
Let i = 15 - 8. Suppose o = -2*h + 235, i*o - 3*o = 3*h - 369. Is h a composite number?
True
Suppose 5*p - 361 = 5*u + 964, 2*p + 3*u - 530 = 0. Is p a composite number?
True
Let o(u) = 4*u**2 + 3*u - 1. Is o(2) composite?
True
Let x(j) = -j**3 - j + 1. Let m be x(0). Let w(z) = 2*z - 3*z - m - 15*z. Is w(-2) a prime number?
True
Is (-2)/(4 - (-23922)/(-5979)) prime?
True
Suppose j - 5 = 51. Suppose -2*h + 334 - j = 0. Is h a prime number?
True
Suppose -4*d = 6 + 14. Let o = 2 + d. Is o/15 + 76/5 a composite number?
True
Suppose -2*b + 324 = 2*y, -320 = -2*b - y + 3*y. Is b a composite number?
True
Let f = 5 + -2. Suppose -3380 = f*p - 8*p. Let o = p - 453. Is o a prime number?
True
Let w = -296 + 589. Is w a prime number?
True
Let s = -1165 + 2836. Is s a prime number?
False
Suppose 0 = -h - 3 + 2. Is (124/(-12))/(h/6) a composite number?
True
Let v(t) = t**3 + 9*t**2 + 3. Let r be v(-10). Is (1 + -2)/(1/r) prime?
True
Suppose -2*c + 16 + 26 = 0. Suppose -2*l + 215 = c. Is l a composite number?
False
Let h(s) = 3*s**2 + 3*s + 1. Let a be h(3). Let d = 59 - a. Is d composite?
True
Let y(w) = 22*w**3 + w**2 - 4*w + 3. Let h be y(2). Suppose 0*a = -5*a + h. Is a prime?
False
Suppose 4*h + 1320 - 197 = 5*p, 3*p = -h + 684. Suppose n + 0*n = 3. Suppose 0 = -5*g + 15, p = 3*d + n*g - 49. Is d a composite number?
False
Let h be (2/(-5))/((-1)/5). Suppose f + 6 = h*f. Suppose i + 0*i = -s + 23, 0 = 2*i + f. Is s composite?
True
Is (8/(-6))/((-6)/639) a prime number?
False
Suppose -4*t + 3*g = 2*g - 18, -t = -g - 3. Suppose 7*a - 110 = -t*x + 2*a, -5*x - a = -98. Is x a composite number?
False
Let l = 1060 - 507. Is l a prime number?
False
Suppose 3*d - 103 = 5*d - 3*b, 2*d + 85 = -3*b. Let z be 460/7 - 4/(-14). Let r = z + d. Is r a prime number?
True
Let w be 6 - 5 - (-3 + 0). Suppose w*b - 4 = 12. Is (-1)/2 - (-62)/b prime?
False
Let n be 1/2 + (-103)/(-2). Let s = -27 + n. Is s a composite number?
True
Is ((-10)/8)/(4 - (-3987)/(-996)) a prime number?
False
Let h(s) = 2*s**2 + 6*s + 2. Is h(-4) a composite number?
True
Let z = -2837 - -5664. Is z prime?
False
Suppose 4*k - 5815 = -k. Is k composite?
False
Is (11 + -222)/(2 - 11/5) prime?
False
Is 376 + (-3 + 5)/2 prime?
False
Let w(v) = -8*v**3 + 2*v**2 + 4*v + 2. Let x be w(-5). Suppose h - 5*h - x = 0. Is 3/((-9)/h) - -3 a prime number?
True
Suppose 3*j - 21 = 114. Let q = 80 - j. Is q composite?
True
Suppose -15*o + 41723 = -4*o. Is o a prime number?
True
Let a(n) = 2*n**2 + 26*n - 3. Let m be a(-13). Let t(w) = 3*w. Let d be t(-1). Is 56 - (0 + d)/m a composite number?
True
Is (-1252)/(-8)*(9 + 1) a composite number?
True
Is 382/(-5*(-2)/5) prime?
True
Let k(q) = 13*q**3 - 2*q**2 + 4*q - 4. Is k(5) composite?
True
Let y = -4 + 13. I